 and 11.
11
Calculate the highest common divisor of 7 and 9114.
7
Calculate the highest common divisor of 3920 and 98.
98
Calculate the highest common factor of 77 and 2233.
77
Calculate the highest common factor of 22 and 16.
2
What is the highest common factor of 58 and 9048?
58
What is the greatest common factor of 1837 and 33?
11
What is the greatest common factor of 162 and 6?
6
What is the greatest common divisor of 20687 and 274?
137
What is the highest common factor of 328 and 8?
8
Calculate the greatest common divisor of 42 and 5418.
42
Calculate the highest common divisor of 790 and 1060.
10
Calculate the highest common divisor of 46 and 184.
46
Calculate the highest common factor of 152 and 12958.
38
What is the greatest common factor of 5 and 117?
1
Calculate the highest common divisor of 2210 and 34.
34
What is the greatest common factor of 204 and 828?
12
What is the highest common divisor of 16 and 88?
8
What is the greatest common divisor of 64 and 22?
2
Calculate the greatest common divisor of 297 and 143.
11
Calculate the greatest common factor of 3782 and 744.
62
Calculate the highest common factor of 45 and 25.
5
What is the highest common divisor of 126 and 84?
42
What is the highest common divisor of 152 and 424?
8
Calculate the highest common factor of 63 and 27.
9
Calculate the greatest common divisor of 12 and 564.
12
What is the greatest common factor of 624 and 39?
39
What is the greatest common factor of 72 and 1008?
72
What is the highest common divisor of 172 and 43?
43
What is the greatest common factor of 1343 and 595?
17
What is the highest common factor of 284 and 1278?
142
What is the greatest common divisor of 67 and 335?
67
What is the highest common factor of 44 and 253?
11
What is the greatest common divisor of 6396 and 15?
3
Calculate the highest common factor of 2 and 922.
2
Calculate the greatest common divisor of 77 and 35.
7
Calculate the greatest common factor of 15 and 885.
15
Calculate the greatest common divisor of 20 and 320.
20
Calculate the highest common divisor of 230 and 966.
46
What is the highest common divisor of 2499 and 102?
51
Calculate the greatest common divisor of 1962 and 54.
18
What is the greatest common divisor of 63 and 581?
7
What is the highest common divisor of 5 and 5580?
5
Calculate the highest common factor of 168 and 1236.
12
Calculate the highest common divisor of 93 and 2883.
93
What is the greatest common divisor of 1475 and 236?
59
Calculate the greatest common divisor of 29 and 3509.
29
Calculate the greatest common factor of 6655 and 847.
121
What is the highest common divisor of 1349 and 19?
19
Calculate the highest common divisor of 162 and 378.
54
Calculate the highest common divisor of 10277 and 86.
43
What is the highest common factor of 40 and 13560?
40
Calculate the highest common divisor of 21926 and 19.
19
Calculate the greatest common divisor of 494 and 133.
19
What is the highest common divisor of 65 and 2145?
65
Calculate the greatest common factor of 116 and 11252.
116
What is the greatest common factor of 34 and 4250?
34
Calculate the greatest common factor of 1554 and 798.
42
What is the greatest common factor of 3286 and 212?
106
What is the greatest common factor of 84 and 231?
21
What is the greatest common factor of 18 and 1974?
6
What is the highest common divisor of 765 and 1071?
153
What is the greatest common divisor of 73 and 1971?
73
What is the greatest common factor of 5668 and 1962?
218
What is the highest common divisor of 80 and 72?
8
What is the greatest common factor of 1899 and 81?
9
Calculate the greatest common factor of 588 and 336.
84
What is the highest common factor of 31 and 93?
31
What is the highest common factor of 3250 and 715?
65
Calculate the highest common factor of 114 and 1197.
57
Calculate the greatest common factor of 77 and 517.
11
Calculate the highest common factor of 384 and 60.
12
Calculate the highest common factor of 95 and 8835.
95
Calculate the greatest common divisor of 1664 and 4.
4
Calculate the highest common divisor of 20 and 5620.
20
What is the greatest common factor of 207 and 27?
9
Calculate the highest common factor of 24 and 1536.
24
What is the highest common divisor of 1081 and 47?
47
What is the highest common factor of 145 and 125?
5
What is the highest common factor of 81 and 2?
1
Calculate the highest common factor of 140 and 3332.
28
Calculate the highest common divisor of 87 and 1537.
29
What is the greatest common divisor of 187 and 102?
17
What is the highest common factor of 17 and 10200?
17
What is the highest common factor of 28 and 308?
28
Calculate the highest common factor of 612 and 34.
34
Calculate the highest common factor of 7011 and 513.
171
Calculate the highest common divisor of 1630 and 20.
10
Calculate the highest common factor of 51 and 2601.
51
Calculate the greatest common factor of 8908 and 68.
68
Calculate the greatest common divisor of 1020 and 6.
6
Calculate the highest common divisor of 120 and 280.
40
What is the greatest common divisor of 11 and 1584?
11
What is the highest common divisor of 1155 and 10164?
231
What is the greatest common factor of 20 and 385?
5
What is the greatest common divisor of 39 and 9?
3
What is the highest common divisor of 64 and 160?
32
What is the greatest common factor of 93 and 248?
31
Calculate the highest common factor of 12 and 21.
3
What is the highest common factor of 11328 and 177?
177
What is the greatest common divisor of 33 and 39?
3
What is the greatest common divisor of 102 and 4029?
51
Calculate the highest common factor of 567 and 8100.
81
Calculate the greatest common divisor of 3740 and 17.
17
What is the highest common divisor of 10 and 130?
10
Calculate the greatest common divisor of 24 and 1592.
8
Calculate the highest common factor of 120 and 14120.
40
Calculate the greatest common factor of 14802 and 18.
6
What is the highest common factor of 252 and 1092?
84
Calculate the greatest common factor of 108 and 14688.
108
Calculate the greatest common factor of 30 and 30.
30
Calculate the greatest common factor of 2160 and 3294.
54
What is the greatest common factor of 2884 and 224?
28
What is the greatest common divisor of 11472 and 16?
16
What is the greatest common factor of 276 and 16767?
69
What is the highest common divisor of 320 and 10304?
64
Calculate the highest common divisor of 708 and 19293.
177
What is the highest common factor of 66 and 672?
6
What is the highest common divisor of 10 and 443?
1
Calculate the greatest common divisor of 338 and 130.
26
Calculate the highest common divisor of 816 and 3876.
204
Calculate the highest common divisor of 272 and 464.
16
Calculate the greatest common divisor of 90 and 1305.
45
What is the greatest common factor of 18 and 1314?
18
Calculate the highest common divisor of 78 and 65.
13
Calculate the greatest common divisor of 16 and 1296.
16
Calculate the highest common factor of 1640 and 40.
40
Calculate the highest common divisor of 169 and 208.
13
Calculate the highest common divisor of 8 and 46.
2
Calculate the greatest common divisor of 21 and 2.
1
Calculate the greatest common divisor of 650 and 360.
10
What is the greatest common divisor of 270 and 216?
54
What is the greatest common factor of 25872 and 66?
66
What is the highest common factor of 230 and 70?
10
Calculate the greatest common divisor of 15 and 480.
15
Calculate the highest common divisor of 86 and 5074.
86
Calculate the greatest common divisor of 2068 and 1081.
47
What is the highest common factor of 1431 and 27?
27
What is the highest common factor of 14317 and 278?
139
Calculate the greatest common divisor of 6 and 2154.
6
Calculate the greatest common factor of 165 and 385.
55
What is the greatest common factor of 35 and 49?
7
What is the highest common divisor of 300 and 804?
12
Calculate the greatest common factor of 40 and 88.
8
Calculate the greatest common factor of 125 and 225.
25
Calculate the greatest common factor of 1769 and 61.
61
What is the greatest common divisor of 492 and 84?
12
Calculate the greatest common divisor of 70 and 350.
70
Calculate the greatest common factor of 207 and 667.
23
What is the highest common factor of 1808 and 226?
226
What is the greatest com